{"id":398,"date":"2020-05-05T07:21:01","date_gmt":"2020-05-05T07:21:01","guid":{"rendered":"https:\/\/sartoceramica.it\/?page_id=398"},"modified":"2020-10-13T14:58:43","modified_gmt":"2020-10-13T14:58:43","slug":"stand-euroshop-2020-per-ceramiche-refin-s-p-a","status":"publish","type":"page","link":"https:\/\/sartoceramica.it\/?page_id=398","title":{"rendered":"Stand Euroshop 2020 per Ceramiche Refin S.p.a"},"content":{"rendered":"\n<p>Sarto <strong>ha realizzato su richiesta<\/strong> delle ceramiche Refin il taglio, assemblaggio e finitura della panca monolitica, dei tavolini e degli archi in gr\u00e8s porcellanato montati alla fiera Euroshop di D\u00fcsseldorf, Germania del 16-20\/02\/2020.<\/p>\n\n\n\n<p>EN<\/p>\n\n\n\n<p>Sarto <strong>realized on request<\/strong> of the Refin ceramics the cutting, assembly and finishing of the monolithic bench, of the tables and of the arches in porcelain stoneware mounted at the Euroshop fair in D\u00fcsseldorf, Germany on 16-20 \/ 02\/2020.<\/p>\n\n\n\n<p>FR<\/p>\n\n\n\n<p>Sarto <strong>a r\u00e9alis\u00e9 \u00e0 la demande<\/strong> de la c\u00e9ramique Refin la d\u00e9coupe, l&#8217;assemblage et la finition du banc monolithique, des tables et des arches en gr\u00e8s c\u00e9rame mont\u00e9s au salon Euroshop de D\u00fcsseldorf, Allemagne le 16-20 \/ 02\/2020.<\/p>\n\n\n\n<div class=\"wp-block-image\"><figure class=\"aligncenter size-large\"><img loading=\"lazy\" decoding=\"async\" width=\"768\" height=\"1024\" src=\"https:\/\/sartoceramica.it\/wp-content\/uploads\/2020\/05\/STAND-REFIN-1-1-768x1024.jpg\" alt=\"\" class=\"wp-image-400\" srcset=\"https:\/\/sartoceramica.it\/wp-content\/uploads\/2020\/05\/STAND-REFIN-1-1-768x1024.jpg 768w, https:\/\/sartoceramica.it\/wp-content\/uploads\/2020\/05\/STAND-REFIN-1-1-350x467.jpg 350w, https:\/\/sartoceramica.it\/wp-content\/uploads\/2020\/05\/STAND-REFIN-1-1-225x300.jpg 225w, https:\/\/sartoceramica.it\/wp-content\/uploads\/2020\/05\/STAND-REFIN-1-1-1152x1536.jpg 1152w, https:\/\/sartoceramica.it\/wp-content\/uploads\/2020\/05\/STAND-REFIN-1-1.jpg 1512w\" sizes=\"auto, (max-width: 767px) 89vw, (max-width: 1000px) 54vw, (max-width: 1071px) 543px, 580px\" \/><\/figure><\/div>\n\n\n\n<figure class=\"wp-block-image size-large\"><img loading=\"lazy\" decoding=\"async\" width=\"1024\" height=\"836\" src=\"https:\/\/sartoceramica.it\/wp-content\/uploads\/2020\/05\/STAND-REFIN-2-1024x836.jpg\" alt=\"\" class=\"wp-image-401\" srcset=\"https:\/\/sartoceramica.it\/wp-content\/uploads\/2020\/05\/STAND-REFIN-2-1024x836.jpg 1024w, https:\/\/sartoceramica.it\/wp-content\/uploads\/2020\/05\/STAND-REFIN-2-350x286.jpg 350w, https:\/\/sartoceramica.it\/wp-content\/uploads\/2020\/05\/STAND-REFIN-2-300x245.jpg 300w, https:\/\/sartoceramica.it\/wp-content\/uploads\/2020\/05\/STAND-REFIN-2-768x627.jpg 768w, https:\/\/sartoceramica.it\/wp-content\/uploads\/2020\/05\/STAND-REFIN-2-1536x1254.jpg 1536w, https:\/\/sartoceramica.it\/wp-content\/uploads\/2020\/05\/STAND-REFIN-2.jpg 1784w\" sizes=\"auto, (max-width: 767px) 89vw, (max-width: 1000px) 54vw, (max-width: 1071px) 543px, 580px\" \/><\/figure>\n","protected":false},"excerpt":{"rendered":"<p>Sarto ha realizzato su richiesta delle ceramiche Refin il taglio, assemblaggio e finitura della panca monolitica, dei tavolini e degli archi in gr\u00e8s porcellanato montati alla fiera Euroshop di D\u00fcsseldorf, Germania del 16-20\/02\/2020. EN Sarto realized on request of the Refin ceramics the cutting, assembly and finishing of the monolithic bench, of the tables and &hellip; <\/p>\n<p class=\"link-more\"><a href=\"https:\/\/sartoceramica.it\/?page_id=398\" class=\"more-link\">Leggi tutto<span class=\"screen-reader-text\"> &#8220;Stand Euroshop 2020 per Ceramiche Refin S.p.a&#8221;<\/span><\/a><\/p>\n","protected":false},"author":1,"featured_media":0,"parent":0,"menu_order":0,"comment_status":"closed","ping_status":"closed","template":"","meta":{"footnotes":""},"class_list":["post-398","page","type-page","status-publish","hentry"],"yoast_head":"<!-- This site is optimized with the Yoast SEO plugin v26.4 - https:\/\/yoast.com\/wordpress\/plugins\/seo\/ -->\n<title>Stand Euroshop 2020 per Ceramiche Refin S.p.a - Sarto Ceramica<\/title>\n<meta name=\"robots\" content=\"index, follow, max-snippet:-1, max-image-preview:large, max-video-preview:-1\" \/>\n<link rel=\"canonical\" href=\"https:\/\/sartoceramica.it\/?page_id=398\" \/>\n<meta property=\"og:locale\" content=\"it_IT\" \/>\n<meta property=\"og:type\" content=\"article\" \/>\n<meta property=\"og:title\" content=\"Stand Euroshop 2020 per Ceramiche Refin S.p.a - Sarto Ceramica\" \/>\n<meta property=\"og:description\" content=\"Sarto ha realizzato su richiesta delle ceramiche Refin il taglio, assemblaggio e finitura della panca monolitica, dei tavolini e degli archi in gr\u00e8s porcellanato montati alla fiera Euroshop di D\u00fcsseldorf, Germania del 16-20\/02\/2020. EN Sarto realized on request of the Refin ceramics the cutting, assembly and finishing of the monolithic bench, of the tables and &hellip; Leggi tutto &quot;Stand Euroshop 2020 per Ceramiche Refin S.p.a&quot;\" \/>\n<meta property=\"og:url\" content=\"https:\/\/sartoceramica.it\/?page_id=398\" \/>\n<meta property=\"og:site_name\" content=\"Sarto Ceramica\" \/>\n<meta property=\"article:publisher\" content=\"https:\/\/www.facebook.com\/SartoCeramicasrl\/?locale=it_IT\" \/>\n<meta property=\"article:modified_time\" content=\"2020-10-13T14:58:43+00:00\" \/>\n<meta property=\"og:image\" content=\"https:\/\/sartoceramica.it\/wp-content\/uploads\/2020\/05\/STAND-REFIN-1-1-768x1024.jpg\" \/>\n<meta name=\"twitter:card\" content=\"summary_large_image\" \/>\n<meta name=\"twitter:label1\" content=\"Tempo di lettura stimato\" \/>\n\t<meta name=\"twitter:data1\" content=\"1 minuto\" \/>\n<script type=\"application\/ld+json\" class=\"yoast-schema-graph\">{\"@context\":\"https:\/\/schema.org\",\"@graph\":[{\"@type\":\"WebPage\",\"@id\":\"https:\/\/sartoceramica.it\/?page_id=398\",\"url\":\"https:\/\/sartoceramica.it\/?page_id=398\",\"name\":\"Stand Euroshop 2020 per Ceramiche Refin S.p.a - Sarto Ceramica\",\"isPartOf\":{\"@id\":\"https:\/\/sartoceramica.it\/#website\"},\"primaryImageOfPage\":{\"@id\":\"https:\/\/sartoceramica.it\/?page_id=398#primaryimage\"},\"image\":{\"@id\":\"https:\/\/sartoceramica.it\/?page_id=398#primaryimage\"},\"thumbnailUrl\":\"https:\/\/sartoceramica.it\/wp-content\/uploads\/2020\/05\/STAND-REFIN-1-1-768x1024.jpg\",\"datePublished\":\"2020-05-05T07:21:01+00:00\",\"dateModified\":\"2020-10-13T14:58:43+00:00\",\"breadcrumb\":{\"@id\":\"https:\/\/sartoceramica.it\/?page_id=398#breadcrumb\"},\"inLanguage\":\"it-IT\",\"potentialAction\":[{\"@type\":\"ReadAction\",\"target\":[\"https:\/\/sartoceramica.it\/?page_id=398\"]}]},{\"@type\":\"ImageObject\",\"inLanguage\":\"it-IT\",\"@id\":\"https:\/\/sartoceramica.it\/?page_id=398#primaryimage\",\"url\":\"https:\/\/sartoceramica.it\/wp-content\/uploads\/2020\/05\/STAND-REFIN-1-1.jpg\",\"contentUrl\":\"https:\/\/sartoceramica.it\/wp-content\/uploads\/2020\/05\/STAND-REFIN-1-1.jpg\",\"width\":1512,\"height\":2016},{\"@type\":\"BreadcrumbList\",\"@id\":\"https:\/\/sartoceramica.it\/?page_id=398#breadcrumb\",\"itemListElement\":[{\"@type\":\"ListItem\",\"position\":1,\"name\":\"Home\",\"item\":\"https:\/\/lightgrey-scorpion-978849.hostingersite.com\/\"},{\"@type\":\"ListItem\",\"position\":2,\"name\":\"Stand Euroshop 2020 per Ceramiche Refin S.p.a\"}]},{\"@type\":\"WebSite\",\"@id\":\"https:\/\/sartoceramica.it\/#website\",\"url\":\"https:\/\/sartoceramica.it\/\",\"name\":\"Sarto Ceramica\",\"description\":\"Home decor in gres porcellanato su misura\",\"publisher\":{\"@id\":\"https:\/\/sartoceramica.it\/#organization\"},\"potentialAction\":[{\"@type\":\"SearchAction\",\"target\":{\"@type\":\"EntryPoint\",\"urlTemplate\":\"https:\/\/sartoceramica.it\/?s={search_term_string}\"},\"query-input\":{\"@type\":\"PropertyValueSpecification\",\"valueRequired\":true,\"valueName\":\"search_term_string\"}}],\"inLanguage\":\"it-IT\"},{\"@type\":\"Organization\",\"@id\":\"https:\/\/sartoceramica.it\/#organization\",\"name\":\"Sarto Ceramica\",\"url\":\"https:\/\/sartoceramica.it\/\",\"logo\":{\"@type\":\"ImageObject\",\"inLanguage\":\"it-IT\",\"@id\":\"https:\/\/sartoceramica.it\/#\/schema\/logo\/image\/\",\"url\":\"https:\/\/sartoceramica.it\/wp-content\/uploads\/2020\/02\/cropped-logo-png-sarto.png\",\"contentUrl\":\"https:\/\/sartoceramica.it\/wp-content\/uploads\/2020\/02\/cropped-logo-png-sarto.png\",\"width\":566,\"height\":250,\"caption\":\"Sarto Ceramica\"},\"image\":{\"@id\":\"https:\/\/sartoceramica.it\/#\/schema\/logo\/image\/\"},\"sameAs\":[\"https:\/\/www.facebook.com\/SartoCeramicasrl\/?locale=it_IT\",\"https:\/\/instagram.com\/sartoitalia_srl?igshid=MGU3ZTQzNzY=\"]}]}<\/script>\n<!-- \/ Yoast SEO plugin. -->","yoast_head_json":{"title":"Stand Euroshop 2020 per Ceramiche Refin S.p.a - Sarto Ceramica","robots":{"index":"index","follow":"follow","max-snippet":"max-snippet:-1","max-image-preview":"max-image-preview:large","max-video-preview":"max-video-preview:-1"},"canonical":"https:\/\/sartoceramica.it\/?page_id=398","og_locale":"it_IT","og_type":"article","og_title":"Stand Euroshop 2020 per Ceramiche Refin S.p.a - Sarto Ceramica","og_description":"Sarto ha realizzato su richiesta delle ceramiche Refin il taglio, assemblaggio e finitura della panca monolitica, dei tavolini e degli archi in gr\u00e8s porcellanato montati alla fiera Euroshop di D\u00fcsseldorf, Germania del 16-20\/02\/2020. EN Sarto realized on request of the Refin ceramics the cutting, assembly and finishing of the monolithic bench, of the tables and &hellip; Leggi tutto \"Stand Euroshop 2020 per Ceramiche Refin S.p.a\"","og_url":"https:\/\/sartoceramica.it\/?page_id=398","og_site_name":"Sarto Ceramica","article_publisher":"https:\/\/www.facebook.com\/SartoCeramicasrl\/?locale=it_IT","article_modified_time":"2020-10-13T14:58:43+00:00","og_image":[{"url":"https:\/\/sartoceramica.it\/wp-content\/uploads\/2020\/05\/STAND-REFIN-1-1-768x1024.jpg","type":"","width":"","height":""}],"twitter_card":"summary_large_image","twitter_misc":{"Tempo di lettura stimato":"1 minuto"},"schema":{"@context":"https:\/\/schema.org","@graph":[{"@type":"WebPage","@id":"https:\/\/sartoceramica.it\/?page_id=398","url":"https:\/\/sartoceramica.it\/?page_id=398","name":"Stand Euroshop 2020 per Ceramiche Refin S.p.a - Sarto Ceramica","isPartOf":{"@id":"https:\/\/sartoceramica.it\/#website"},"primaryImageOfPage":{"@id":"https:\/\/sartoceramica.it\/?page_id=398#primaryimage"},"image":{"@id":"https:\/\/sartoceramica.it\/?page_id=398#primaryimage"},"thumbnailUrl":"https:\/\/sartoceramica.it\/wp-content\/uploads\/2020\/05\/STAND-REFIN-1-1-768x1024.jpg","datePublished":"2020-05-05T07:21:01+00:00","dateModified":"2020-10-13T14:58:43+00:00","breadcrumb":{"@id":"https:\/\/sartoceramica.it\/?page_id=398#breadcrumb"},"inLanguage":"it-IT","potentialAction":[{"@type":"ReadAction","target":["https:\/\/sartoceramica.it\/?page_id=398"]}]},{"@type":"ImageObject","inLanguage":"it-IT","@id":"https:\/\/sartoceramica.it\/?page_id=398#primaryimage","url":"https:\/\/sartoceramica.it\/wp-content\/uploads\/2020\/05\/STAND-REFIN-1-1.jpg","contentUrl":"https:\/\/sartoceramica.it\/wp-content\/uploads\/2020\/05\/STAND-REFIN-1-1.jpg","width":1512,"height":2016},{"@type":"BreadcrumbList","@id":"https:\/\/sartoceramica.it\/?page_id=398#breadcrumb","itemListElement":[{"@type":"ListItem","position":1,"name":"Home","item":"https:\/\/lightgrey-scorpion-978849.hostingersite.com\/"},{"@type":"ListItem","position":2,"name":"Stand Euroshop 2020 per Ceramiche Refin S.p.a"}]},{"@type":"WebSite","@id":"https:\/\/sartoceramica.it\/#website","url":"https:\/\/sartoceramica.it\/","name":"Sarto Ceramica","description":"Home decor in gres porcellanato su misura","publisher":{"@id":"https:\/\/sartoceramica.it\/#organization"},"potentialAction":[{"@type":"SearchAction","target":{"@type":"EntryPoint","urlTemplate":"https:\/\/sartoceramica.it\/?s={search_term_string}"},"query-input":{"@type":"PropertyValueSpecification","valueRequired":true,"valueName":"search_term_string"}}],"inLanguage":"it-IT"},{"@type":"Organization","@id":"https:\/\/sartoceramica.it\/#organization","name":"Sarto Ceramica","url":"https:\/\/sartoceramica.it\/","logo":{"@type":"ImageObject","inLanguage":"it-IT","@id":"https:\/\/sartoceramica.it\/#\/schema\/logo\/image\/","url":"https:\/\/sartoceramica.it\/wp-content\/uploads\/2020\/02\/cropped-logo-png-sarto.png","contentUrl":"https:\/\/sartoceramica.it\/wp-content\/uploads\/2020\/02\/cropped-logo-png-sarto.png","width":566,"height":250,"caption":"Sarto Ceramica"},"image":{"@id":"https:\/\/sartoceramica.it\/#\/schema\/logo\/image\/"},"sameAs":["https:\/\/www.facebook.com\/SartoCeramicasrl\/?locale=it_IT","https:\/\/instagram.com\/sartoitalia_srl?igshid=MGU3ZTQzNzY="]}]}},"jetpack_sharing_enabled":true,"_links":{"self":[{"href":"https:\/\/sartoceramica.it\/index.php?rest_route=\/wp\/v2\/pages\/398","targetHints":{"allow":["GET"]}}],"collection":[{"href":"https:\/\/sartoceramica.it\/index.php?rest_route=\/wp\/v2\/pages"}],"about":[{"href":"https:\/\/sartoceramica.it\/index.php?rest_route=\/wp\/v2\/types\/page"}],"author":[{"embeddable":true,"href":"https:\/\/sartoceramica.it\/index.php?rest_route=\/wp\/v2\/users\/1"}],"replies":[{"embeddable":true,"href":"https:\/\/sartoceramica.it\/index.php?rest_route=%2Fwp%2Fv2%2Fcomments&post=398"}],"version-history":[{"count":2,"href":"https:\/\/sartoceramica.it\/index.php?rest_route=\/wp\/v2\/pages\/398\/revisions"}],"predecessor-version":[{"id":660,"href":"https:\/\/sartoceramica.it\/index.php?rest_route=\/wp\/v2\/pages\/398\/revisions\/660"}],"wp:attachment":[{"href":"https:\/\/sartoceramica.it\/index.php?rest_route=%2Fwp%2Fv2%2Fmedia&parent=398"}],"curies":[{"name":"wp","href":"https:\/\/api.w.org\/{rel}","templated":true}]}}