{"id":534,"date":"2020-10-09T06:29:56","date_gmt":"2020-10-09T06:29:56","guid":{"rendered":"https:\/\/sartoceramica.it\/?page_id=534"},"modified":"2020-10-09T06:29:56","modified_gmt":"2020-10-09T06:29:56","slug":"contact","status":"publish","type":"page","link":"https:\/\/sartoceramica.it\/?page_id=534&lang=fr","title":{"rendered":"CONTACT"},"content":{"rendered":"\n<p>Sarto Italia &#8211; Sols et accessoires d&#8217;ameublement en gr\u00e8s c\u00e9rame-<\/p>\n\n\n\n<p>Via dell\u2019Industria 81-83 Formigine (MO) 41043<\/p>\n\n\n\n<p>Italie<\/p>\n\n\n\n<p>Informations pour les cr\u00e9ations sur mesure: <a href=\"mailto:info@sartoitalia.com\">info@sartoitalia.com<\/a><\/p>\n\n\n\n<p>studio de design: <a href=\"mailto:tecnico@sartoitalia.com\">tecnico@sartoitalia.com<\/a><\/p>\n\n\n\n<p>pour visites: +39059 8775210 Lun-Ven 08h00-12h30 \/ 14h00-17h30<\/p>\n\n\n\n<p>O\u00f9 nous sommes: <a href=\"https:\/\/goo.gl\/maps\/QTR3tVvvjWLFjYLH9\">https:\/\/goo.gl\/maps\/QTR3tVvvjWLFjYLH9<\/a><\/p>\n\n\n\n<p>Traitement sur support c\u00e9ramique:<\/p>\n\n\n\n<p>D\u00e9coupe au jet d&#8217;eau de dalles et de sols<\/p>\n\n\n\n<p>Panneaux sur mesure<\/p>\n\n\n\n<p>D\u00e9coupe de sols pour grands projets (centres commerciaux-a\u00e9roports-espaces publics)<\/p>\n\n\n\n<p>Prise en charge de la conception du petit au grand format<\/p>\n\n\n\n<p>Produits en porcelaine &#8211; Meubles \u2013 Accessoires<\/p>\n\n\n\n<p>Sarto s.r.l. travaille depuis de nombreuses ann\u00e9es, suivant et r\u00e9alisant avec eux des projets sur mesure, avec les plus grandes entreprises du domaine de la c\u00e9ramique dont:<\/p>\n\n\n\n<p><a href=\"http:\/\/www.gruppoconcorde.it\" data-type=\"URL\" data-id=\"www.gruppoconcorde.it\">CONCORDE GROUP S.p.A<\/a><\/p>\n\n\n\n<p><a href=\"http:\/\/www.casalgrandepadana.it\">CASALGRANDE PADANA S.p.A<\/a><\/p>\n\n\n\n<p><a href=\"http:\/\/www.florim.com\" data-type=\"URL\" data-id=\"www.florim.com\">FLORIM CERAMICHE S.p.A<\/a><\/p>\n","protected":false},"excerpt":{"rendered":"<p>Sarto Italia &#8211; Sols et accessoires d&#8217;ameublement en gr\u00e8s c\u00e9rame- Via dell\u2019Industria 81-83 Formigine (MO) 41043 Italie Informations pour les cr\u00e9ations sur mesure: info@sartoitalia.com studio de design: tecnico@sartoitalia.com pour visites: +39059 8775210 Lun-Ven 08h00-12h30 \/ 14h00-17h30 O\u00f9 nous sommes: https:\/\/goo.gl\/maps\/QTR3tVvvjWLFjYLH9 Traitement sur support c\u00e9ramique: D\u00e9coupe au jet d&#8217;eau de dalles et de sols Panneaux sur &hellip; <\/p>\n<p class=\"link-more\"><a href=\"https:\/\/sartoceramica.it\/?page_id=534&#038;lang=fr\" class=\"more-link\">Leggi tutto<span class=\"screen-reader-text\"> &#8220;CONTACT&#8221;<\/span><\/a><\/p>\n","protected":false},"author":1,"featured_media":0,"parent":0,"menu_order":0,"comment_status":"closed","ping_status":"closed","template":"","meta":{"footnotes":""},"class_list":["post-534","page","type-page","status-publish","hentry"],"yoast_head":"<!-- This site is optimized with the Yoast SEO plugin v27.5 - https:\/\/yoast.com\/product\/yoast-seo-wordpress\/ -->\n<title>CONTACT - Sarto Ceramica<\/title>\n<meta name=\"robots\" content=\"index, follow, max-snippet:-1, max-image-preview:large, max-video-preview:-1\" \/>\n<link rel=\"canonical\" href=\"https:\/\/sartoceramica.it\/?page_id=534&lang=fr\" \/>\n<meta property=\"og:locale\" content=\"it_IT\" \/>\n<meta property=\"og:type\" content=\"article\" \/>\n<meta property=\"og:title\" content=\"CONTACT - Sarto Ceramica\" \/>\n<meta property=\"og:description\" content=\"Sarto Italia &#8211; Sols et accessoires d&#8217;ameublement en gr\u00e8s c\u00e9rame- Via dell\u2019Industria 81-83 Formigine (MO) 41043 Italie Informations pour les cr\u00e9ations sur mesure: info@sartoitalia.com studio de design: tecnico@sartoitalia.com pour visites: +39059 8775210 Lun-Ven 08h00-12h30 \/ 14h00-17h30 O\u00f9 nous sommes: https:\/\/goo.gl\/maps\/QTR3tVvvjWLFjYLH9 Traitement sur support c\u00e9ramique: D\u00e9coupe au jet d&#8217;eau de dalles et de sols Panneaux sur &hellip; Leggi tutto &quot;CONTACT&quot;\" \/>\n<meta property=\"og:url\" content=\"https:\/\/sartoceramica.it\/?page_id=534&amp;lang=fr\" \/>\n<meta property=\"og:site_name\" content=\"Sarto Ceramica\" \/>\n<meta property=\"article:publisher\" content=\"https:\/\/www.facebook.com\/SartoCeramicasrl\/?locale=it_IT\" \/>\n<meta name=\"twitter:card\" content=\"summary_large_image\" \/>\n<meta name=\"twitter:label1\" content=\"Tempo di lettura stimato\" \/>\n\t<meta name=\"twitter:data1\" content=\"1 minuto\" \/>\n<script type=\"application\/ld+json\" class=\"yoast-schema-graph\">{\"@context\":\"https:\\\/\\\/schema.org\",\"@graph\":[{\"@type\":\"WebPage\",\"@id\":\"https:\\\/\\\/sartoceramica.it\\\/?page_id=534&lang=fr\",\"url\":\"https:\\\/\\\/sartoceramica.it\\\/?page_id=534&lang=fr\",\"name\":\"CONTACT - Sarto Ceramica\",\"isPartOf\":{\"@id\":\"https:\\\/\\\/sartoceramica.it\\\/#website\"},\"datePublished\":\"2020-10-09T06:29:56+00:00\",\"breadcrumb\":{\"@id\":\"https:\\\/\\\/sartoceramica.it\\\/?page_id=534&lang=fr#breadcrumb\"},\"inLanguage\":\"it-IT\",\"potentialAction\":[{\"@type\":\"ReadAction\",\"target\":[\"https:\\\/\\\/sartoceramica.it\\\/?page_id=534&lang=fr\"]}]},{\"@type\":\"BreadcrumbList\",\"@id\":\"https:\\\/\\\/sartoceramica.it\\\/?page_id=534&lang=fr#breadcrumb\",\"itemListElement\":[{\"@type\":\"ListItem\",\"position\":1,\"name\":\"Home\",\"item\":\"https:\\\/\\\/lightgrey-scorpion-978849.hostingersite.com\\\/\"},{\"@type\":\"ListItem\",\"position\":2,\"name\":\"CONTACT\"}]},{\"@type\":\"WebSite\",\"@id\":\"https:\\\/\\\/sartoceramica.it\\\/#website\",\"url\":\"https:\\\/\\\/sartoceramica.it\\\/\",\"name\":\"Sarto Ceramica\",\"description\":\"Home decor in gres porcellanato su misura\",\"publisher\":{\"@id\":\"https:\\\/\\\/sartoceramica.it\\\/#organization\"},\"potentialAction\":[{\"@type\":\"SearchAction\",\"target\":{\"@type\":\"EntryPoint\",\"urlTemplate\":\"https:\\\/\\\/sartoceramica.it\\\/?s={search_term_string}\"},\"query-input\":{\"@type\":\"PropertyValueSpecification\",\"valueRequired\":true,\"valueName\":\"search_term_string\"}}],\"inLanguage\":\"it-IT\"},{\"@type\":\"Organization\",\"@id\":\"https:\\\/\\\/sartoceramica.it\\\/#organization\",\"name\":\"Sarto Ceramica\",\"url\":\"https:\\\/\\\/sartoceramica.it\\\/\",\"logo\":{\"@type\":\"ImageObject\",\"inLanguage\":\"it-IT\",\"@id\":\"https:\\\/\\\/sartoceramica.it\\\/#\\\/schema\\\/logo\\\/image\\\/\",\"url\":\"https:\\\/\\\/sartoceramica.it\\\/wp-content\\\/uploads\\\/2020\\\/02\\\/cropped-logo-png-sarto.png\",\"contentUrl\":\"https:\\\/\\\/sartoceramica.it\\\/wp-content\\\/uploads\\\/2020\\\/02\\\/cropped-logo-png-sarto.png\",\"width\":566,\"height\":250,\"caption\":\"Sarto Ceramica\"},\"image\":{\"@id\":\"https:\\\/\\\/sartoceramica.it\\\/#\\\/schema\\\/logo\\\/image\\\/\"},\"sameAs\":[\"https:\\\/\\\/www.facebook.com\\\/SartoCeramicasrl\\\/?locale=it_IT\",\"https:\\\/\\\/instagram.com\\\/sartoitalia_srl?igshid=MGU3ZTQzNzY=\"]}]}<\/script>\n<!-- \/ Yoast SEO plugin. -->","yoast_head_json":{"title":"CONTACT - Sarto Ceramica","robots":{"index":"index","follow":"follow","max-snippet":"max-snippet:-1","max-image-preview":"max-image-preview:large","max-video-preview":"max-video-preview:-1"},"canonical":"https:\/\/sartoceramica.it\/?page_id=534&lang=fr","og_locale":"it_IT","og_type":"article","og_title":"CONTACT - Sarto Ceramica","og_description":"Sarto Italia &#8211; Sols et accessoires d&#8217;ameublement en gr\u00e8s c\u00e9rame- Via dell\u2019Industria 81-83 Formigine (MO) 41043 Italie Informations pour les cr\u00e9ations sur mesure: info@sartoitalia.com studio de design: tecnico@sartoitalia.com pour visites: +39059 8775210 Lun-Ven 08h00-12h30 \/ 14h00-17h30 O\u00f9 nous sommes: https:\/\/goo.gl\/maps\/QTR3tVvvjWLFjYLH9 Traitement sur support c\u00e9ramique: D\u00e9coupe au jet d&#8217;eau de dalles et de sols Panneaux sur &hellip; Leggi tutto \"CONTACT\"","og_url":"https:\/\/sartoceramica.it\/?page_id=534&lang=fr","og_site_name":"Sarto Ceramica","article_publisher":"https:\/\/www.facebook.com\/SartoCeramicasrl\/?locale=it_IT","twitter_card":"summary_large_image","twitter_misc":{"Tempo di lettura stimato":"1 minuto"},"schema":{"@context":"https:\/\/schema.org","@graph":[{"@type":"WebPage","@id":"https:\/\/sartoceramica.it\/?page_id=534&lang=fr","url":"https:\/\/sartoceramica.it\/?page_id=534&lang=fr","name":"CONTACT - Sarto Ceramica","isPartOf":{"@id":"https:\/\/sartoceramica.it\/#website"},"datePublished":"2020-10-09T06:29:56+00:00","breadcrumb":{"@id":"https:\/\/sartoceramica.it\/?page_id=534&lang=fr#breadcrumb"},"inLanguage":"it-IT","potentialAction":[{"@type":"ReadAction","target":["https:\/\/sartoceramica.it\/?page_id=534&lang=fr"]}]},{"@type":"BreadcrumbList","@id":"https:\/\/sartoceramica.it\/?page_id=534&lang=fr#breadcrumb","itemListElement":[{"@type":"ListItem","position":1,"name":"Home","item":"https:\/\/lightgrey-scorpion-978849.hostingersite.com\/"},{"@type":"ListItem","position":2,"name":"CONTACT"}]},{"@type":"WebSite","@id":"https:\/\/sartoceramica.it\/#website","url":"https:\/\/sartoceramica.it\/","name":"Sarto Ceramica","description":"Home decor in gres porcellanato su misura","publisher":{"@id":"https:\/\/sartoceramica.it\/#organization"},"potentialAction":[{"@type":"SearchAction","target":{"@type":"EntryPoint","urlTemplate":"https:\/\/sartoceramica.it\/?s={search_term_string}"},"query-input":{"@type":"PropertyValueSpecification","valueRequired":true,"valueName":"search_term_string"}}],"inLanguage":"it-IT"},{"@type":"Organization","@id":"https:\/\/sartoceramica.it\/#organization","name":"Sarto Ceramica","url":"https:\/\/sartoceramica.it\/","logo":{"@type":"ImageObject","inLanguage":"it-IT","@id":"https:\/\/sartoceramica.it\/#\/schema\/logo\/image\/","url":"https:\/\/sartoceramica.it\/wp-content\/uploads\/2020\/02\/cropped-logo-png-sarto.png","contentUrl":"https:\/\/sartoceramica.it\/wp-content\/uploads\/2020\/02\/cropped-logo-png-sarto.png","width":566,"height":250,"caption":"Sarto Ceramica"},"image":{"@id":"https:\/\/sartoceramica.it\/#\/schema\/logo\/image\/"},"sameAs":["https:\/\/www.facebook.com\/SartoCeramicasrl\/?locale=it_IT","https:\/\/instagram.com\/sartoitalia_srl?igshid=MGU3ZTQzNzY="]}]}},"jetpack_sharing_enabled":true,"_links":{"self":[{"href":"https:\/\/sartoceramica.it\/index.php?rest_route=\/wp\/v2\/pages\/534","targetHints":{"allow":["GET"]}}],"collection":[{"href":"https:\/\/sartoceramica.it\/index.php?rest_route=\/wp\/v2\/pages"}],"about":[{"href":"https:\/\/sartoceramica.it\/index.php?rest_route=\/wp\/v2\/types\/page"}],"author":[{"embeddable":true,"href":"https:\/\/sartoceramica.it\/index.php?rest_route=\/wp\/v2\/users\/1"}],"replies":[{"embeddable":true,"href":"https:\/\/sartoceramica.it\/index.php?rest_route=%2Fwp%2Fv2%2Fcomments&post=534"}],"version-history":[{"count":1,"href":"https:\/\/sartoceramica.it\/index.php?rest_route=\/wp\/v2\/pages\/534\/revisions"}],"predecessor-version":[{"id":535,"href":"https:\/\/sartoceramica.it\/index.php?rest_route=\/wp\/v2\/pages\/534\/revisions\/535"}],"wp:attachment":[{"href":"https:\/\/sartoceramica.it\/index.php?rest_route=%2Fwp%2Fv2%2Fmedia&parent=534"}],"curies":[{"name":"wp","href":"https:\/\/api.w.org\/{rel}","templated":true}]}}